8. Let b = o + 92. What is the hundreds digit of b?
1
Let v(z) = 8*z**2 + 1 - 4 - 2 - 3 + 6*z - z**3. Suppose -9 = 2*g - 25. What is the tens digit of v(g)?
4
Suppose -t + 4061 = 5*h, 47*h = 4*t + 51*h - 16164. What is the tens digit of t?
3
What is the hundreds digit of ((-48)/6)/(1/(-31))?
2
Let w(u) = u**2 + 8*u + 2. Suppose -2*o - 2 = 10. Let s be w(o). Let y = s - -20. What is the units digit of y?
0
Let i(o) = 37*o**2 - 2*o - 4. Let k be i(-3). Suppose -124 = -3*c + v + 75, -k = -5*c + v. What is the units digit of c?
8
Let t(u) = u**3 + 69*u**2 - 12*u - 118. What is the units digit of t(-69)?
0
What is the tens digit of ((-1719)/(-3))/(-16 + 19)?
9
What is the tens digit of (-34854)/(-16) - 1/(48/18)?
7
Suppose 5*f = 5*n + 25, 21 = -2*f + 3*f - 5*n. What is the hundreds digit of f/2 - -1 - (-2008)/16?
1
Suppose 82*n = 83*n - 272. Suppose 6*y - n = 1150. What is the tens digit of y?
3
Suppose -1189 = -2*i + 1173. What is the units digit of i?
1
Suppose -9532 = -12*g + 8*g. What is the thousands digit of g?
2
Let u(v) = -v**3 - 4*v**2 + 7*v + 14. Let b be u(-5). Suppose -b*k + 3*l = -6*k + 202, 12 = 3*l. What is the units digit of k?
5
Suppose 6*d - 1481 = 823. What is the hundreds digit of d?
3
Let a(b) be the first derivative of -5/2*b**2 - 7 - 2*b + 2/3*b**3. What is the units digit of a(5)?
3
Suppose 0 = -3*j - o - 210, 5*j - 2*o + 128 = -233. Let f = j + 118. What is the tens digit of f?
4
Suppose -1 = j - p - 7, -3*p - 13 = -2*j. Suppose -5*n - 65 = j*q - 5, 15 = -5*q. Let o = n - -64. What is the units digit of o?
5
Let y be (-33)/(-77) - 638/(-14). Suppose y*v + 43 = 47*v. What is the units digit of v?
3
Let k = 54 - 58. What is the units digit of k/3*1749/(-22)?
6
Let t(k) be the third derivative of -k**6/120 + k**5/60 + 9*k**2. Let h be t(1). What is the units digit of 43 + (h - -2)/(-2)?
2
Let p(s) be the first derivative of 19*s**2 - 8*s + 29. What is the tens digit of p(3)?
0
Let r = 19 - 31. Let l be (-1)/2*(10 + r). Suppose -5*g - l = -21. What is the units digit of g?
4
Suppose 7264 = 7*y - 9284. What is the units digit of y?
4
Suppose -7*p + 5*p = -8. What is the tens digit of -41*p/(4/(-1))?
4
Let p(q) = -39*q - 477. What is the units digit of p(-22)?
1
Let l(s) = -56*s + 10. Let v(x) = 1. Let r(k) = -l(k) + 6*v(k). What is the hundreds digit of r(4)?
2
Suppose 4*a - 15 - 5 = 0. Suppose -a*i + 2 = 7. What is the tens digit of (-2)/i*42/4?
2
Suppose -261 = -5*n + 439. Suppose 2*d + 4*b - n = 0, b + 237 = 3*d - 2*b. What is the tens digit of d?
7
Suppose -5*o - 4860 = -4*q, 2*o - 74 + 3712 = 3*q. What is the hundreds digit of q?
2
Let j = 137 + -219. Let r = -51 - j. What is the tens digit of r?
3
Suppose 5478 + 16377 = 15*m. What is the units digit of m?
7
Suppose -579 = 5*m - 3519. Suppose 373 = 4*c - 2*r - 227, -m = -4*c + 5*r. What is the units digit of c?
2
Let z be (-426)/(-12) + 1/2. Suppose z = 4*i - 8. Suppose 0 = 2*p - i + 1. What is the units digit of p?
5
Let x = -494 - -1021. What is the tens digit of x?
2
Suppose 52*n = 42*n + 7490. What is the units digit of n?
9
Let g = -161 + 629. What is the units digit of g?
8
Suppose -h - 2*y = h - 14, 0 = 3*y - 12. What is the tens digit of (h + -1)*(-47)/(-2)?
4
Let g(d) = 34*d**2 - 11*d - 23. What is the hundreds digit of g(-2)?
1
Let o = 6831 + -3554. What is the tens digit of o?
7
Suppose -13*o + 5*o = -152. What is the units digit of o*5*9/15?
7
Suppose 6*s - 2*s - 16 = 0. Let q(x) = 12*x**2 + 0*x + 11*x + 16 - 3*x**3 + s*x**3 - 3*x**2. What is the tens digit of q(-7)?
3
Let t(v) = 17*v - 7. Let u be t(3). What is the units digit of 1196/u - 2/11?
7
Let n(x) = 132*x + 6. What is the hundreds digit of n(7)?
9
Suppose -3*z = -2*t - 1687, 3*z - 3*t - 2251 = -z. What is the units digit of z?
9
Let y = 865 - 213. What is the hundreds digit of y?
6
Let n(v) = v**2 + 7*v + 8. Let q be n(-8). Let t(j) = j**2 + 15*j + 10. Let c be t(-16). Let w = c - q. What is the tens digit of w?
1
Suppose 6*j - 6 = 6. Let u be j*1 - 45/1. Let p = u - -83. What is the tens digit of p?
4
Suppose 1185 = 5*z + 5*l, 3*z - 2*l = 248 + 473. Let c = z - 66. What is the units digit of c?
3
What is the tens digit of 1863 - (-24)/((-60)/(-10))?
6
Let u(r) = -217*r**3 - r**2 + 3*r + 3. What is the tens digit of u(-2)?
2
Suppose -4*i = 8 - 20. Suppose -i*g = 3*g - 756. What is the hundreds digit of g?
1
Suppose -2*j = -x - 2630, 3*j + 7*x - 3923 = 3*x. What is the tens digit of j?
1
Let q = 90 + 68. What is the tens digit of q?
5
What is the thousands digit of (-528)/330*(-3385)/2?
2
Let a(b) = -10*b + 14. Suppose -2*s - n = 10, -2*s = -2*n - 0*n + 16. What is the tens digit of a(s)?
7
Suppose 32 = 4*s + 4*m, 0 = 4*s - 5*m - 2 - 3. Suppose -s*u + 25 = -5. Suppose 2*z + 103 = 3*y, -z - 20 = -u*z. What is the units digit of y?
7
Suppose 7 = 3*w + 34. Let c = 12 + w. Suppose -2*t + 45 = 3*k + 2, -2*k + 33 = -c*t. What is the tens digit of k?
1
Suppose -1570 - 1293 = -7*t. What is the tens digit of t?
0
Suppose 12 = 4*a, 3*k - 22*a = -19*a + 3348. What is the units digit of k?
9
Let i(j) = -34*j - 546. What is the thousands digit of i(-49)?
1
Let x(u) = -203*u + 361. What is the tens digit of x(-7)?
8
Let g = 124 + -114. Suppose 1368 = -2*k + g*k. What is the hundreds digit of k?
1
Suppose 8*b - 5966 = 14938. What is the hundreds digit of b?
6
Let i be (-32)/(-6) - 1/3. Let c = -193 + 199. Suppose -3*x + g = -33, -17 = -x + i*g - c. What is the tens digit of x?
1
Let q(m) = 20*m**2 - 13*m - 1. What is the tens digit of q(-6)?
9
Let a = -118 + 126. Suppose 2*g - 1010 = -a*g. What is the tens digit of g?
0
Suppose 2*m - 368 - 186 = 0. Suppose -5*y + 4*r = -453, -4*y - 5*r = -7*y + m. What is the tens digit of y?
8
Suppose 5*g - 6*g = -4*z - 930, 4*g = 4*z + 3756. What is the units digit of g?
2
Let f = -7 + 3. Let v(i) = 20*i**3 - 5*i**2 - 29*i + 8. Let n(x) = 7*x**3 - 2*x**2 - 10*x + 3. Let w(u) = -17*n(u) + 6*v(u). What is the tens digit of w(f)?
1
Let f = -26 - -28. Suppose 44 = -m + f*m. What is the tens digit of m?
4
Let d(j) = -3*j - 13. Let u be d(-5). Suppose -2*m + 4*m - 96 = u*x, 3*x = 4*m - 190. What is the units digit of m?
6
Let t(i) = -519*i - 3 + 528*i + 10*i**2 - 1 + i**3. What is the units digit of t(-7)?
0
Suppose -4*g + 5 = -67. Let y = g - 20. What is the units digit of (0 - y)*(-2 + 4)?
4
Let h(v) be the first derivative of v**3/2 - 7*v**2 + 8*v - 6. Let c(i) be the first derivative of h(i). What is the tens digit of c(13)?
2
Let w be 97 + (-6)/2 + 6. Let f be -2 + 5*1*6. Suppose 3*k - f = -5*x, -5*x + 0*x - w = -5*k. What is the units digit of k?
6
Suppose -2*o + 5 - 9 = 0, -4*c + 4*o = -896. What is the units digit of c?
2
Let x(l) be the second derivative of -l**5/20 - 2*l**4/3 + 3*l**3/2 + 9*l**2/2 + 20*l. What is the units digit of x(-9)?
9
Suppose 5*l + 5*m - 1352 = 2358, 4*l + 3*m = 2966. What is the hundreds digit of l?
7
Suppose 0*o + 286 = 5*o - 3*r, -2*r = 4. Suppose b - o = -2*g, 3*b + 3*g - 199 = -16. What is the units digit of b?
6
Suppose -2*p = 3*p + 5. Let f be 54/((9/(-6))/p). Let k = f - 17. What is the tens digit of k?
1
Suppose 3250 = 8*o - 5518. Suppose -4*r + 1 + 15 = 0, -4*s + o = -r. What is the units digit of s?
5
Suppose -1193 = 9*d - 6755. What is the hundreds digit of d?
6
What is the units digit of 2/(2/849) + (-10 - -10)?
9
Let f be 432/(-18) + (0 - 0/1). Let j = 181 - f. What is the hundreds digit of j?
2
Let a(i) = -i**2 + 12*i - 11. Let w be a(11). Let t(o) = -o - 3. Let u be t(w). What is the tens digit of (43/u + 3)*-3?
3
Let t(l) = 8*l - 5. Let m be t(16). Suppose -14*j = -11*j - m. What is the units digit of j?
1
Let c(v) be the second derivative of -v**3/6 + 3*v. Let q(h) = -h. Let r(u) = 2*c(u) - q(u). What is the units digit of r(-4)?
4
Let v(r) = -3*r + 11. Let f(l) = -l + 5. Let u(k) = 5*f(k) - 2*v(k). Let z = 3 + 10. What is the tens digit of u(z)?
1
Let z be (1 - 0)*(-18 - -21). Suppose -2*x + 29 = -m, -3*x + z + 3 = 0. Let r = m - -32. What is the units digit of r?
7
Let u be (-2)/(-6) - (-113)/3. Suppose u = 3*h - 277. Suppose 3*x = h + 72. What is the tens digit of x?
5
What is the units digit of 35/42 + -1 - 116271/(-54)?
3
Let y(o) = 30*o**2 - 5*o + 28. What is the units digit of y(3)?
3
Suppose 0 = -4*b + t - 73, -7*b + 3*t - 75 